greatest common factor of m and 23?
1
Let h(f) = -164*f + 1330. Let m be h(8). Calculate the highest common divisor of m and 1755.
9
Let k = 13720 + -12379. Calculate the greatest common factor of 745 and k.
149
Let g(w) = -w**3 - 10*w**2 - 15*w + 7. Let l be g(-8). Let b be (32 - l)/(-3) + (5 - 2). Let i = b + 16. What is the greatest common factor of i and 40?
8
Suppose 11*t + 4 = 9*t. Let g(o) = -96*o + 6. Let z be g(t). Suppose 14*m - 3*m = z. What is the highest common divisor of m and 27?
9
Let a = 7821 + -7820. Suppose f + 4*f = 0. Suppose -2*m + g + 10 = 4*g, g = f. What is the greatest common divisor of a and m?
1
Let t(b) = b**3 + 7*b**2 - 8*b. Let p be t(-8). Suppose 0 = -3*u - p*u + 9. Suppose 42 = u*s + 6. Calculate the greatest common divisor of s and 72.
12
Suppose -441*r - 2784 = -442*r. Let x be (3/2)/(18/r). What is the greatest common divisor of x and 29?
29
Let y(q) = 33*q**2 + 12*q - 12. Let p be y(1). Let g = 19 - p. Let o be ((-119)/g)/((-2)/(-28)). Calculate the highest common divisor of o and 7.
7
Suppose -5*o - 3*v = -0*v - 16, 0 = 3*o + 2*v - 10. Suppose 5*q - r - 55 = 0, q + 20 = o*q - 2*r. Calculate the greatest common factor of 50 and q.
10
Let l = -10076 + 11212. What is the highest common factor of 32 and l?
16
Suppose -25*g + 23 = -1127. Calculate the highest common divisor of 16123 and g.
23
Let n = 124 - -73. Suppose 5*w = -5*b + 235, 5*b = 9*w - 5*w - n. Suppose -84 = -2*x - 20. Calculate the greatest common factor of x and w.
16
Let m(c) = 113*c**2 - 5*c - 13. Let p be m(3). Let f = p - 333. Calculate the greatest common factor of 8 and f.
8
Let l be (5/((-25)/(-69)))/((-18)/(-90)). Let o be 71*1 - (-6)/(-3). What is the highest common factor of o and l?
69
Suppose 19*h - 8*h - 6545 = 0. Let s = h + -571. What is the highest common factor of s and 480?
24
Let t(g) = 60*g**2 - 23*g - 4. Let d be t(-3). Let b = 619 - d. Calculate the greatest common divisor of 16 and b.
2
Suppose 3*n - 14405 = p, 3*n - 4*n - 4*p = -4780. Calculate the greatest common divisor of n and 100.
100
Let t(y) = -7*y**2 + 9*y. Let r be t(3). Let o = r + 36. Suppose -w + 0*a + a = -29, 2*w + 3*a - 33 = o. What is the greatest common divisor of 24 and w?
24
Let x = -23 + 122. What is the greatest common divisor of 1419 and x?
33
Let z(t) = -3*t + 52. Let m be z(13). Suppose q - m = 36. Calculate the highest common divisor of q and 147.
49
Let v be (-1460)/60*(-2)/((-2)/(-3)). Suppose 0 = 4*z + 7 + 13, -3*z + v = 4*k. What is the greatest common divisor of k and 253?
11
Suppose l + 6 = 11. Let h be l*(420/(-4))/(-5). Suppose 0 = p + o - 10, 5*o - 10 - 25 = -4*p. Calculate the greatest common factor of h and p.
15
Let j = -26 + 149. Let c be 5/(15/j)*-1. Let f = c + 51. What is the greatest common divisor of 70 and f?
10
Let z(x) = 41*x - 1981. Let q be z(53). What is the highest common factor of q and 288?
96
Let u(h) = 658*h - 6408. Let t be u(41). Calculate the highest common factor of 20 and t.
10
Suppose -23*z - 128*z + 101472 = 0. What is the greatest common factor of z and 2625?
21
Let g = 91 - 82. Suppose -g = -6*f + 15. Calculate the highest common divisor of 3 and f.
1
Let z be 1 + 0 + 92 - 5. Let p = 150 + z. Suppose 0 = 5*t + 5*i - 425, 2*i + p = 4*t - 102. Calculate the highest common factor of t and 34.
17
Suppose -4*x + 12 = -24. Suppose 2*z - 12*z = -60. What is the greatest common divisor of x and z?
3
Suppose -5045 = -18*p - 1139. Let f = p + -81. Calculate the greatest common factor of f and 17.
17
Let k = -1116 + 1120. Let o(v) = -6*v**3 + 3*v**2 - 2*v. Let f be o(-3). Let q be 2418/f - -1*k/(-10). Calculate the highest common factor of 60 and q.
12
Let j = 121 + -97. Let i be (-4)/6 + (-22)/66 + j. What is the greatest common divisor of i and 368?
23
Let o = -247219 + 247241. Suppose 0 = -2*l - 3*l. Suppose l = -s + 42 + 2. Calculate the greatest common divisor of s and o.
22
Let z be (-2362)/6*(42/7 + -9). Suppose -b + 5*b - 3*p - 946 = 0, -3*p = -5*b + z. Calculate the greatest common factor of 141 and b.
47
Let k be (15/(-2))/(6/(-16)). Let l = 24 - k. Suppose 95 = l*q + b, q + 5*b = 7 + 31. What is the greatest common factor of 23 and q?
23
Suppose 3*j - 13424 = 5*f + 10727, j - 8090 = -4*f. What is the greatest common factor of 1390 and j?
278
Suppose -504 = 2*m - 9*m. Let b = -22 + m. What is the highest common factor of b and 2?
2
Suppose -4*x - 596*k = -591*k - 29785, -4*k - 37180 = -5*x. Calculate the highest common factor of 120 and x.
120
Let h be (-2*1)/((-35)/(-28)*(-28)/490). Calculate the highest common divisor of h and 203.
7
Let o = 82954 + -53994. What is the greatest common divisor of o and 120?
40
Suppose 1215 = 13*r + 253. Let p(h) = 70*h**2 + 4. Let j be p(-1). What is the greatest common divisor of r and j?
74
Let g = 11634 - 11582. Calculate the highest common divisor of g and 29744.
52
Suppose -3739*h + 3607*h = -1717716. Calculate the greatest common divisor of 11 and h.
11
Let z be (-6)/(-2 - 0) - -5. Let h(f) = f**2 + 718*f + 16. Let j be h(0). What is the greatest common factor of z and j?
8
Suppose -a = 2*a + 162. Let g = a - -108. Let i = 106 - 52. Calculate the greatest common divisor of i and g.
54
Suppose 10*z = 7*z + 2*v + 712, 0 = -3*v + 3. Let o be ((-192)/(-224))/(2/z). Calculate the highest common factor of 119 and o.
17
Suppose -256*t = -382*t + 25200. What is the highest common factor of 180 and t?
20
Suppose -t + 200 = 3*d - 51, 0 = -2*t - 5*d + 505. What is the greatest common divisor of t and 1625?
65
Suppose -4*x = -d - 29 + 15, 2*d = -x + 17. Calculate the highest common factor of d and 318.
6
Suppose 4*j - 16 = 4*q, -2*q - j - 88 = -101. What is the highest common divisor of q and 3027?
3
Let v(o) = 2*o**3 - 4*o**2 - 9*o + 21. Suppose 0 = -l - s + 3, l = 5*s + 4 + 11. Let d be v(l). What is the greatest common divisor of d and 14?
14
Let c(l) = 3*l**2 + 18*l - 8. Let y be (-747)/(-36) + ((-5)/(-4) - 1). Let g be -15*7/y + 3/(-1). Let n be c(g). What is the highest common factor of 120 and n?
40
Let u(p) = -p**3 - p - 6. Let i be u(-2). Suppose -g - 2*w + 33 + 44 = 0, -3*w = -i*g + 297. What is the highest common factor of g and 15?
15
Suppose -4*a + 352 = 5*v - 271, -6*a = -12. Suppose 2*c = -4*d + 320, 4*c - 5*d + d - 664 = 0. What is the highest common factor of c and v?
41
Suppose -37*h + 33*h = -120. Let c be (9 + 60/(-8))*(1 - -39). Calculate the greatest common factor of h and c.
30
Let c be (6 - (-600)/(-102)) + 7578/34. Let w = c + -163. What is the highest common factor of w and 270?
30
Let u = 159 + -100. Suppose 5*r = 3*w - 270, -4*w = -r + u - 436. Suppose -190 = -5*g - 0*g. Calculate the greatest common divisor of g and w.
19
Let w(h) = 12*h**3 + 66*h**2 - 10*h - 17. Let g be w(6). Calculate the greatest common factor of g and 73.
73
Suppose -34*j = 3*a - 35*j - 587, 3*j = 4*a - 776. Calculate the greatest common factor of 6304 and a.
197
Let i(p) = -p**2 - 104*p - 2241. Let k be i(-62). What is the highest common factor of k and 759?
33
Let h = -13115 - -13205. What is the greatest common factor of 17190 and h?
90
Let b(h) = 3*h - 28. Let w = 11 + -1. Let n be b(w). Suppose -q + 0*j + n*j = -44, 3*j = -q + 24. Calculate the greatest common factor of 12 and q.
12
Let y = -113 + 113. Let i be y*1/(-2) + 333. Calculate the greatest common divisor of i and 9.
9
Let t(j) = 10*j. Let b be t(4). Let m = -976 - -1739. Suppose 4*p = -2*l + 860, -3*p = 5*l - m - 1422. Calculate the highest common factor of b and l.
40
Let m be -6 - ((2 - -1) + -7). Let y(v) = v + 1. Let z(k) = -9*k + 16. Let u(p) = m*y(p) - z(p). Let t be u(23). What is the highest common factor of t and 13?
13
Suppose 0*t - 2*t - 494 = 0. Let y = -22 - t. Let k be 3/(-4) - 412/(-16). What is the highest common factor of k and y?
25
Let g be ((-9)/6)/(3/(-8)). Suppose 8*a - 360 = 2*a. Suppose -m + a = g*m. Calculate the highest common factor of 96 and m.
12
Suppose 6859*k + 13376 = 6881*k. What is the highest common divisor of 532 and k?
76
Suppose a = 4*z + 548, -2*a + 287 = -2*z - 791. Calculate the highest common divisor of a and 2881.
67
Let x(i) = 19*i - 4*i**2 - 2*i**3 + i**3 + 0*i**3 + 28 - 6*i. Let h be x(-7). What is the highest common factor of 210 and h?
42
Let d = 27926 + -18998. What